 is the hundred thousands digit of 387747?
3
What is the hundreds digit of 2326855?
8
What is the tens digit of 425899?
9
What is the hundreds digit of 1880486?
4
What is the thousands digit of 1555881?
5
What is the ten thousands digit of 1954887?
5
What is the hundred thousands digit of 271251?
2
What is the units digit of 715933?
3
What is the hundreds digit of 489155?
1
What is the millions digit of 3755140?
3
What is the thousands digit of 33041?
3
What is the millions digit of 11327086?
1
What is the thousands digit of 445925?
5
What is the thousands digit of 142642?
2
What is the tens digit of 858646?
4
What is the millions digit of 3805182?
3
What is the thousands digit of 183768?
3
What is the ten thousands digit of 4823314?
2
What is the millions digit of 10588884?
0
What is the units digit of 997618?
8
What is the thousands digit of 252902?
2
What is the ten thousands digit of 282980?
8
What is the hundreds digit of 651678?
6
What is the ten thousands digit of 301163?
0
What is the hundreds digit of 141235?
2
What is the hundred thousands digit of 3801168?
8
What is the thousands digit of 8213432?
3
What is the hundreds digit of 1205618?
6
What is the thousands digit of 336686?
6
What is the hundred thousands digit of 37371566?
3
What is the hundred thousands digit of 7255388?
2
What is the tens digit of 2038772?
7
What is the hundreds digit of 13632021?
0
What is the hundreds digit of 7352066?
0
What is the hundreds digit of 16608205?
2
What is the tens digit of 1056717?
1
What is the millions digit of 6628160?
6
What is the thousands digit of 1192077?
2
What is the millions digit of 3505407?
3
What is the hundreds digit of 7598135?
1
What is the hundreds digit of 286370?
3
What is the thousands digit of 12080394?
0
What is the thousands digit of 4293810?
3
What is the tens digit of 87385?
8
What is the units digit of 731839?
9
What is the thousands digit of 733875?
3
What is the tens digit of 585380?
8
What is the tens digit of 119510?
1
What is the thousands digit of 563744?
3
What is the ten thousands digit of 18562608?
6
What is the thousands digit of 20668817?
8
What is the hundred thousands digit of 947677?
9
What is the tens digit of 619308?
0
What is the ten millions digit of 14662255?
1
What is the thousands digit of 24803693?
3
What is the hundred thousands digit of 316806?
3
What is the ten thousands digit of 29311?
2
What is the hundred thousands digit of 3262303?
2
What is the hundreds digit of 497759?
7
What is the hundred thousands digit of 133982?
1
What is the thousands digit of 164803?
4
What is the thousands digit of 4786719?
6
What is the thousands digit of 6470121?
0
What is the hundred thousands digit of 2128644?
1
What is the hundred thousands digit of 692764?
6
What is the hundreds digit of 8615859?
8
What is the hundreds digit of 787924?
9
What is the units digit of 16955484?
4
What is the tens digit of 606939?
3
What is the ten thousands digit of 4331983?
3
What is the ten thousands digit of 1331104?
3
What is the thousands digit of 611579?
1
What is the tens digit of 53130?
3
What is the thousands digit of 10923009?
3
What is the ten thousands digit of 228306?
2
What is the tens digit of 77886?
8
What is the hundred thousands digit of 191205?
1
What is the units digit of 19359111?
1
What is the tens digit of 10442567?
6
What is the ten thousands digit of 817067?
1
What is the millions digit of 1233852?
1
What is the hundreds digit of 67462?
4
What is the thousands digit of 1566973?
6
What is the hundreds digit of 508298?
2
What is the hundreds digit of 5684921?
9
What is the hundred thousands digit of 6144507?
1
What is the tens digit of 8764047?
4
What is the units digit of 2735750?
0
What is the thousands digit of 119693?
9
What is the tens digit of 7979130?
3
What is the ten millions digit of 12581090?
1
What is the millions digit of 30459086?
0
What is the units digit of 300684?
4
What is the tens digit of 864501?
0
What is the ten thousands digit of 201358?
0
What is the hundred thousands digit of 2539180?
5
What is the thousands digit of 8609564?
9
What is the thousands digit of 6564117?
4
What is the hundreds digit of 43089?
0
What is the hundreds digit of 127327?
3
What is the ten thousands digit of 64733?
6
What is the hundreds digit of 413642?
6
What is the ten thousands digit of 2090659?
9
What is the ten thousands digit of 386491?
8
What is the hundreds digit of 63459?
4
What is the units digit of 27335669?
9
What is the ten thousands digit of 148221?
4
What is the millions digit of 4706092?
4
What is the ten thousands digit of 259700?
5
What is the tens digit of 642631?
3
What is the units digit of 9021261?
1
What is the thousands digit of 1015448?
5
What is the ten thousands digit of 906136?
0
What is the tens digit of 37915?
1
What is the hundred thousands digit of 1382873?
3
What is the thousands digit of 14571493?
1
What is the hundreds digit of 43273?
2
What is the hundred thousands digit of 3904118?
9
What is the tens digit of 4305670?
7
What is the units digit of 374080?
0
What is the ten thousands digit of 302262?
0
What is the tens digit of 31587666?
6
What is the hundreds digit of 327796?
7
What is the thousands digit of 229077?
9
What is the hundreds digit of 2150403?
4
What is the hundred thousands digit of 113497?
1
What is the units digit of 42863?
3
What is the millions digit of 4259327?
4
What is the hundreds digit of 10396428?
4
What is the tens digit of 8863?
6
What is the thousands digit of 28247766?
7
What is the units digit of 905560?
0
What is the units digit of 4108653?
3
What is the tens digit of 273719?
1
What is the tens digit of 877111?
1
What is the millions digit of 3515401?
3
What is the thousands digit of 301545?
1
What is the hundred thousands digit of 2380256?
3
What is the units digit of 8772758?
8
What is the hundred thousands digit of 136326?
1
What is the millions digit of 24507430?
4
What is the thousands digit of 241943?
1
What is the tens digit of 456464?
6
What is the millions digit of 3456792?
3
What is the hundreds digit of 5392976?
9
What is the units digit of 1459147?
7
What is the ten thousands digit of 1158723?
5
What is the ten thousands digit of 781364?
8
What is the thousands digit of 221151?
1
What is the hundred thousands digit of 204520?
2
What is the ten thousands digit of 56345?
5
What is the thousands digit of 2368427?
8
What is the units digit of 321838?
8
What is the millions digit of 4304897?
4
What is the hundred thousands digit of 20270746?
2
What is the ten thousands digit of 3199554?
9
What is the hundred thousands digit of 16203708?
2
What is the hundred thousands digit of 1440881?
4
What is the ten thousands digit of 2411341?
1
What is the units digit of 4989?
9
What is the hundreds digit of 21930436?
4
What is the ten thousands digit of 13561144?
6
What is the thousands digit of 410658?
0
What is the hundred thousands digit of 483360?
4
What is the hundred thousands digit of 11526392?
5
What is the hundreds digit of 429016?
0
What is the hundred thousands digit of 9288809?
2
What is the thousands digit of 675079?
5
What is the tens digit of 2312042?
4
What is the hundreds digit of 12552363?
3
What is the hundreds digit of 15304904?
9
What is the units digit of 944736?
6
What is the units digit of 28731590?
0
What is the hundreds digit of 2990818?
8
What is the units digit of 837401?
1
What is the units digit of 485447?
7
What is the units digit of 6070196?
6
What is the ten thousands digit of 14886831?
8
What is the hundreds digit of 315133?
1
What is the units digit of 366234?
4
What is the tens digit of 22808187?
8
What is the thousands digit of 174992?
4
What is the hundred thousands digit of 217081?
2
What is the hundreds digit of 1522339?
3
What is the hundreds digit of 6577803?
8
What is the ten thousands digit of 344220?
4
What is the tens digit of 167010?
1
What is the millions digit of 2091749?
2
What is the hundreds digit of 5928973?
9
What is the thousands digit of 341503?
1
What is the thousands digit of 438411?
8
What is the ten thousands digit of 318647?
1
What is the thousands digit of 1581166?
1
What is the hundred thousands digit of 994072?
9
What is the hundreds digit of 410852?
8
What is the millions dig